{"id":74,"date":"2022-06-15T11:16:43","date_gmt":"2022-06-15T11:16:43","guid":{"rendered":"http:\/\/www.anttolanurheilijat.fi\/partioaittaviesti\/?page_id=74"},"modified":"2025-05-26T07:01:07","modified_gmt":"2025-05-26T07:01:07","slug":"kilpailukutsu","status":"publish","type":"page","link":"https:\/\/www.anttolanurheilijat.fi\/partioaittaviesti\/kilpailukutsu\/","title":{"rendered":"Kilpailukutsu"},"content":{"rendered":"\n<p><em>(Kilpailukutsua t\u00e4ydennetty 26.5.2025 kuntosarjalaisten ilmoittautumismaksun suorittamisen osalta)<\/em><\/p>\n\n\n\n<p><strong>Partioaitta-viesti, Viestiliigan 3. osakilpailu<\/strong><\/p>\n\n\n\n<p><strong>Sunnuntaina 1.6.2025 Anttolassa<\/strong><\/p>\n\n\n\n<p><strong>Sarjat, osallistumismaksut ja lis\u00e4tiedot<\/strong><\/p>\n\n\n\n<p>H21(3 osuutta): 90 \u20ac \/ joukkue<br>D21(3 osuutta): 90 \u20ac \/ joukkue<\/p>\n\n\n\n<p><em>Sarjat H21 ja D21 ovat Suunnistuksen Viestiliigan sarjoja<\/em><\/p>\n\n\n\n<p>Kuntosarja: Pariviesti (2 osuutta): 30 \u20ac \/ joukkue (HUOM! Voit osallistua ilman lisenssi\u00e4, voit juosta my\u00f6s itse molemmat osuudet.)<\/p>\n\n\n\n<p>Kuntosarja: Yksil\u00f6 (aloitusosuus): 15 \u20ac<\/p>\n\n\n\n<p><strong>Osuuksien tavoiteajat<\/strong><\/p>\n\n\n\n<p>H21 45 minuuttia<br>D21 45 minuuttia<br>Kuntosarjat: Pariviesti ja Yksil\u00f6 : 35 minuuttia<\/p>\n\n\n\n<p><strong>Alustava aikataulu<\/strong><\/p>\n\n\n\n<p>klo 10.40 Pariviesti ja Yksil\u00f6<br>klo 11.00 H21<br>klo 12.30 D21<\/p>\n\n\n\n<p><strong>Maasto<\/strong><\/p>\n\n\n\n<p>Yhten\u00e4inen mets\u00e4alue, jota halkoo yksi mets\u00e4tie ja jokunen traktoriura. Maaston korkeusero on enimmill\u00e4\u00e4n 80 m, ja sen m\u00e4et vaihtelevat jyrkist\u00e4 laakeisiin ja pienipiirteisist\u00e4 muotok\u00f6yhiin. Soita ja hidastavaa maapohjaa on melko v\u00e4h\u00e4n.&nbsp;<\/p>\n\n\n\n<p><strong>Kartta<\/strong><\/p>\n\n\n\n<p>Tulostekartta 5\/2025 muovisuojuksessa. Mittakaava 1:10 000. K\u00e4yr\u00e4v\u00e4li 5 m. Kartan koko on A4.<\/p>\n\n\n\n<p><strong>Ilmoittautumiset<\/strong><\/p>\n\n\n\n<p>Maanantaihin 26.5. klo 23.59 menness\u00e4 k\u00e4ytt\u00e4en SSL:n Irma-palvelua. Ilmoittautumismaksu suoritetaan ilmoittautumisen yhteydess\u00e4 Irmassa.<\/p>\n\n\n\n<p>Kuntosarjalaiset voivat ilmoittautua tarvittaessa s\u00e4hk\u00f6postilla risto.kivinen(at)resultfellows.com. Ilmoittautumismaksu suoritetaan t\u00e4ll\u00f6in paikan p\u00e4\u00e4ll\u00e4 Infossa tasarahalla, korttimaksulla tai MobilePaylla.<\/p>\n\n\n\n<p>J\u00e4lki-ilmoittautuminen kaksinkertaisella osallistumismaksulla SSL:n IRMA-palvelua k\u00e4ytt\u00e4en tai s\u00e4hk\u00f6postitse, risto.kivinen(at)resultfellows.com. J\u00e4lki-ilmoittautumisten on oltava perill\u00e4 viimeist\u00e4\u00e4n keskiviikkona 28.5.2025 klo 23:59.<\/p>\n\n\n\n<p><strong>Juoksuj\u00e4rjestykset<\/strong><\/p>\n\n\n\n<p>Viestijoukkueiden juoksuj\u00e4rjestykset ja emit-numerot on j\u00e4tett\u00e4v\u00e4 Irma-palveluun lauantaihin 31.5. klo 18.00 menness\u00e4. T\u00e4m\u00e4 j\u00e4lkeen tapahtuvat muutokset juoksuj\u00e4rjestyksiin ja emit-numeroihin ovat maksullisia ja on j\u00e4tett\u00e4v\u00e4 Infoon kisap\u00e4iv\u00e4n\u00e4 viimeist\u00e4\u00e4n klo 9:00. Muutosmaksu (5 \u20ac \/ muutos) suoritetaan Infoon.<\/p>\n\n\n\n<p><strong>L\u00e4hd\u00f6t<\/strong><\/p>\n\n\n\n<p>L\u00e4hd\u00f6t alkaen klo 10.40.<\/p>\n\n\n\n<p><strong>Seuranta<\/strong><\/p>\n\n\n\n<p>Miesten ja naisten viestiss\u00e4 on kaikilla osuuksilla GPS-seuranta. GPS-seurantaan valittu joukkue, joka kielt\u00e4ytyy kantamasta seurantalaitetta, suljetaan kilpailusta.<\/p>\n\n\n\n<p><strong>Leimausj\u00e4rjestelm\u00e4<\/strong><\/p>\n\n\n\n<p>Emit-leimaus. Viestin osalta vuokra-emitien m\u00e4\u00e4r\u00e4 on ilmoitettava joukkueittain. Vuokrahinta on 5\u20ac, maksetaan Infoon. Palauttamattomasta emitist\u00e4 perimme 70 euroa. V\u00e4\u00e4r\u00e4ll\u00e4 emit-kortilla kilpaileminen johtaa suorituksen hylk\u00e4\u00e4miseen. Kilpailija on itse vastuussa emit-korttinsa toimivuudesta.<\/p>\n\n\n\n<p><strong>Saapuminen<\/strong><\/p>\n\n\n\n<p>Kisapaikalle on tultava virallisen opastuksen kautta. Opastus KT62&nbsp; ja Maljalantie&nbsp; risteyksest\u00e4 josta ajoaikaa kilpailukeskukseen noin 15 minuuttia. Navigointiosoite opastuksen alkuun Maljalantie 1 (Mikkeli). Opastus on paikallaan kilpailup\u00e4iv\u00e4n\u00e4 klo 8 alkaen.<\/p>\n\n\n\n<p>Pys\u00e4k\u00f6inti kilpailukeskuksessa peltoparkkina. Saavuttaessa linja-autolla pys\u00e4k\u00f6intiin on siit\u00e4 ilmoitettava viimeist\u00e4\u00e4n 30.5 menness\u00e4 jarno.marttinen73(at)gmail.com. Maksullinen paikoitus. Parkkimaksu 5 euroa per auto. Pys\u00e4k\u00f6intiliput ostetaan infosta. Maksuv\u00e4linein\u00e4 k\u00e4y k\u00e4teinen, korttimaksu ja mobilepay. Maksettu parkkimaksu esitett\u00e4v\u00e4 paikoituksesta poistuessa.<\/p>\n\n\n\n<p><strong>Palvelut kilpailukeskuksessa<\/strong><\/p>\n\n\n\n<p>\u25cf Kisakahvio, jossa tarjolla kevytt\u00e4 purtavaa ja juotavaa. Maksuv\u00e4linein\u00e4 k\u00e4y k\u00e4teinen, korttimaksu ja mobilepay.<br>\u25cf WC:t (bajamajat)<\/p>\n\n\n\n<p>Ei erillist\u00e4 tilaa pukeutumiselle eik\u00e4 pesupaikkaa.<\/p>\n\n\n\n<p>Kilpailuohjeet, l\u00e4ht\u00f6ajat, kilpailuun liittyv\u00e4t tiedot, tulokset, harjoittelupaketti ja muut lis\u00e4tiedot kisasivuilta: https:\/\/www.anttolanurheilijat.fi\/partioaittaviesti\/<\/p>\n\n\n\n<p><strong>Erityisesti huomioitavaa!!<\/strong><\/p>\n\n\n\n<p>Kilpailija voi juosta vain yhdess\u00e4 viestiss\u00e4. Kilpailu televisioidaan, joten TV-l\u00e4hetyksen seuraaminen kilpailijoilta, huoltajilta ja valmentajilta on kielletty !<\/p>\n\n\n\n<p><strong>Toimihenkil\u00f6t<\/strong><\/p>\n\n\n\n<p>Kilpailunjohtaja: Mika Rautio<br>Ratamestari: Risto Haikonen<br>Valvoja: Juhani Sihvonen, Navi<\/p>\n\n\n\n<p>Kilpailun tiedottaja: Heikki Manninen (hemannine(at)gmail.com, 0505772475)<\/p>\n\n\n\n<p><strong><em>Tervetuloa<\/em><\/strong>!<\/p>\n\n\n\n<p><\/p>\n","protected":false},"excerpt":{"rendered":"<p>(Kilpailukutsua t\u00e4ydennetty 26.5.2025 kuntosarjalaisten ilmoittautumismaksun suorittamisen osalta) Partioaitta-viesti, Viestiliigan 3. osakilpailu Sunnuntaina 1.6.2025 Anttolassa Sarjat, osallistumismaksut ja lis\u00e4tiedot H21(3 osuutta): 90 \u20ac \/ joukkueD21(3 osuutta): 90 \u20ac \/ joukkue Sarjat H21 ja D21 ovat Suunnistuksen Viestiliigan sarjoja Kuntosarja: Pariviesti (2 osuutta): 30 \u20ac \/ joukkue (HUOM! Voit osallistua ilman lisenssi\u00e4, voit juosta my\u00f6s itse molemmat&hellip;&nbsp;<a href=\"https:\/\/www.anttolanurheilijat.fi\/partioaittaviesti\/kilpailukutsu\/\" rel=\"bookmark\">Lue lis\u00e4\u00e4 &raquo;<span class=\"screen-reader-text\">Kilpailukutsu<\/span><\/a><\/p>\n","protected":false},"author":1,"featured_media":0,"parent":0,"menu_order":0,"comment_status":"closed","ping_status":"closed","template":"","meta":{"neve_meta_sidebar":"","neve_meta_container":"","neve_meta_enable_content_width":"","neve_meta_content_width":0,"neve_meta_title_alignment":"","neve_meta_author_avatar":"","neve_post_elements_order":"","neve_meta_disable_header":"","neve_meta_disable_footer":"","neve_meta_disable_title":"","footnotes":""},"class_list":["post-74","page","type-page","status-publish","hentry"],"_links":{"self":[{"href":"https:\/\/www.anttolanurheilijat.fi\/partioaittaviesti\/wp-json\/wp\/v2\/pages\/74","targetHints":{"allow":["GET"]}}],"collection":[{"href":"https:\/\/www.anttolanurheilijat.fi\/partioaittaviesti\/wp-json\/wp\/v2\/pages"}],"about":[{"href":"https:\/\/www.anttolanurheilijat.fi\/partioaittaviesti\/wp-json\/wp\/v2\/types\/page"}],"author":[{"embeddable":true,"href":"https:\/\/www.anttolanurheilijat.fi\/partioaittaviesti\/wp-json\/wp\/v2\/users\/1"}],"replies":[{"embeddable":true,"href":"https:\/\/www.anttolanurheilijat.fi\/partioaittaviesti\/wp-json\/wp\/v2\/comments?post=74"}],"version-history":[{"count":23,"href":"https:\/\/www.anttolanurheilijat.fi\/partioaittaviesti\/wp-json\/wp\/v2\/pages\/74\/revisions"}],"predecessor-version":[{"id":984,"href":"https:\/\/www.anttolanurheilijat.fi\/partioaittaviesti\/wp-json\/wp\/v2\/pages\/74\/revisions\/984"}],"wp:attachment":[{"href":"https:\/\/www.anttolanurheilijat.fi\/partioaittaviesti\/wp-json\/wp\/v2\/media?parent=74"}],"curies":[{"name":"wp","href":"https:\/\/api.w.org\/{rel}","templated":true}]}}