{"id":84,"date":"2022-06-15T11:18:48","date_gmt":"2022-06-15T11:18:48","guid":{"rendered":"http:\/\/www.anttolanurheilijat.fi\/partioaittaviesti\/?page_id=84"},"modified":"2025-06-02T07:30:17","modified_gmt":"2025-06-02T07:30:17","slug":"live","status":"publish","type":"page","link":"https:\/\/www.anttolanurheilijat.fi\/partioaittaviesti\/live\/","title":{"rendered":"Live"},"content":{"rendered":"\n<div class=\"wp-block-buttons is-content-justification-center is-layout-flex wp-container-core-buttons-is-layout-16018d1d wp-block-buttons-is-layout-flex\">\n<div class=\"wp-block-button\"><a class=\"wp-block-button__link wp-element-button\" href=\"https:\/\/resultfellows.com\/2025\/2025_anttola\/joukkueet.html\">L\u00c4HT\u00d6LISTA VIESTILIIGA<\/a><\/div>\n<\/div>\n\n\n\n<div style=\"height:30px\" aria-hidden=\"true\" class=\"wp-block-spacer\"><\/div>\n\n\n\n<p class=\"has-text-align-center\">Kilpailua pystyi seuraamaan ISTV\/4RUUTU-l\u00e4hetyksess\u00e4. Alla linkki Youtube-tallenteeseen.<\/p>\n\n\n\n<div class=\"wp-block-buttons is-content-justification-center is-layout-flex wp-container-core-buttons-is-layout-28206b41 wp-block-buttons-is-layout-flex\">\n<div class=\"wp-block-button\"><a class=\"wp-block-button__link has-text-align-center wp-element-button\" href=\"https:\/\/www.youtube.com\/watch?v=00UbqadiI38\">YOUTUBE<\/a><\/div>\n<\/div>\n\n\n\n<div style=\"height:30px\" aria-hidden=\"true\" class=\"wp-block-spacer\"><\/div>\n\n\n\n<p class=\"has-text-align-center\">Online-tuloksiin p\u00e4\u00e4set tulospalvelun sivujen kautta:<\/p>\n\n\n\n<div class=\"wp-block-buttons is-content-justification-center is-layout-flex wp-container-core-buttons-is-layout-16018d1d wp-block-buttons-is-layout-flex\">\n<div class=\"wp-block-button\"><a class=\"wp-block-button__link wp-element-button\" href=\"https:\/\/resultfellows.com\/2025_anttola\/\">TULOSPALVELUN SIVUT \/ RESULTFELLOWS<\/a><\/div>\n<\/div>\n\n\n\n<div style=\"height:30px\" aria-hidden=\"true\" class=\"wp-block-spacer\"><\/div>\n\n\n\n<div class=\"wp-block-buttons is-content-justification-center is-layout-flex wp-container-core-buttons-is-layout-16018d1d wp-block-buttons-is-layout-flex\">\n<div class=\"wp-block-button\"><a class=\"wp-block-button__link wp-element-button\" href=\"https:\/\/resultfellows.com\/2025\/2025_anttola\/tulokset.html\">LOPPUTULOKSET<\/a><\/div>\n<\/div>\n\n\n\n<div style=\"height:30px\" aria-hidden=\"true\" class=\"wp-block-spacer\"><\/div>\n\n\n\n<p><\/p>\n","protected":false},"excerpt":{"rendered":"<p>Kilpailua pystyi seuraamaan ISTV\/4RUUTU-l\u00e4hetyksess\u00e4. Alla linkki Youtube-tallenteeseen. Online-tuloksiin p\u00e4\u00e4set tulospalvelun sivujen kautta:<\/p>\n","protected":false},"author":1,"featured_media":0,"parent":0,"menu_order":0,"comment_status":"closed","ping_status":"closed","template":"","meta":{"neve_meta_sidebar":"","neve_meta_container":"","neve_meta_enable_content_width":"","neve_meta_content_width":0,"neve_meta_title_alignment":"","neve_meta_author_avatar":"","neve_post_elements_order":"","neve_meta_disable_header":"","neve_meta_disable_footer":"","neve_meta_disable_title":"","footnotes":""},"class_list":["post-84","page","type-page","status-publish","hentry"],"_links":{"self":[{"href":"https:\/\/www.anttolanurheilijat.fi\/partioaittaviesti\/wp-json\/wp\/v2\/pages\/84","targetHints":{"allow":["GET"]}}],"collection":[{"href":"https:\/\/www.anttolanurheilijat.fi\/partioaittaviesti\/wp-json\/wp\/v2\/pages"}],"about":[{"href":"https:\/\/www.anttolanurheilijat.fi\/partioaittaviesti\/wp-json\/wp\/v2\/types\/page"}],"author":[{"embeddable":true,"href":"https:\/\/www.anttolanurheilijat.fi\/partioaittaviesti\/wp-json\/wp\/v2\/users\/1"}],"replies":[{"embeddable":true,"href":"https:\/\/www.anttolanurheilijat.fi\/partioaittaviesti\/wp-json\/wp\/v2\/comments?post=84"}],"version-history":[{"count":36,"href":"https:\/\/www.anttolanurheilijat.fi\/partioaittaviesti\/wp-json\/wp\/v2\/pages\/84\/revisions"}],"predecessor-version":[{"id":1068,"href":"https:\/\/www.anttolanurheilijat.fi\/partioaittaviesti\/wp-json\/wp\/v2\/pages\/84\/revisions\/1068"}],"wp:attachment":[{"href":"https:\/\/www.anttolanurheilijat.fi\/partioaittaviesti\/wp-json\/wp\/v2\/media?parent=84"}],"curies":[{"name":"wp","href":"https:\/\/api.w.org\/{rel}","templated":true}]}}