{"id":98,"date":"2022-06-15T11:22:33","date_gmt":"2022-06-15T11:22:33","guid":{"rendered":"http:\/\/www.anttolanurheilijat.fi\/partioaittaviesti\/?page_id=98"},"modified":"2025-05-23T09:28:53","modified_gmt":"2025-05-23T09:28:53","slug":"harjoittelu","status":"publish","type":"page","link":"https:\/\/www.anttolanurheilijat.fi\/partioaittaviesti\/harjoittelu\/","title":{"rendered":"Harjoittelu"},"content":{"rendered":"\n<p class=\"has-nv-text-dark-bg-color has-text-color\">Ota pitk\u00e4st\u00e4 viikonlopusta kaikki irti ja valmistaudu kes\u00e4n isoihin kisoihin vaativissa anttolalaisissa maastoissa. Savolaisen maaston metkut oppii parhaiten suunnistamalla Savossa!<\/p>\n\n\n\n<p class=\"has-nv-text-dark-bg-color has-text-color\">Harjoitusten hinta 7\u20ac\/kpl. Rasteilla rastiliput. Lis\u00e4tietoja ja tilaukset: anttolanurheilijat(at)gmail.com<\/p>\n\n\n\n<ol class=\"wp-block-list has-nv-text-dark-bg-color has-text-color\">\n<li>Koirankulkku 8,0 km \/ 23 rastia\n<ul class=\"wp-block-list\">\n<li>Kartoitus 2022 <a href=\"https:\/\/www.tulospalvelu.fi\/gps\/2022smyokars\/\">SM-y\u00f6n karsinta<\/a>, ajantasaistus 2025<\/li>\n\n\n\n<li><a href=\"https:\/\/maps.app.goo.gl\/XRgBgFHWYRgW1n9w5\">P-paikk<\/a>a<\/li>\n<\/ul>\n<\/li>\n<\/ol>\n\n\n\n<div class=\"wp-block-buttons is-layout-flex wp-block-buttons-is-layout-flex\"><\/div>\n\n\n\n<figure class=\"wp-block-image size-full\"><img fetchpriority=\"high\" decoding=\"async\" width=\"400\" height=\"561\" src=\"https:\/\/www.anttolanurheilijat.fi\/partioaittaviesti\/wp-content\/uploads\/2025\/05\/Koirankulkku_nettiin2.jpg\" alt=\"\" class=\"wp-image-977\" srcset=\"https:\/\/www.anttolanurheilijat.fi\/partioaittaviesti\/wp-content\/uploads\/2025\/05\/Koirankulkku_nettiin2.jpg 400w, https:\/\/www.anttolanurheilijat.fi\/partioaittaviesti\/wp-content\/uploads\/2025\/05\/Koirankulkku_nettiin2-214x300.jpg 214w\" sizes=\"(max-width: 400px) 100vw, 400px\" \/><\/figure>\n\n\n\n<div style=\"height:25px\" aria-hidden=\"true\" class=\"wp-block-spacer\"><\/div>\n\n\n\n<p class=\"has-nv-text-dark-bg-color has-text-color\">2. Piilokorpi 5,8 km \/ 24 rastia<\/p>\n\n\n\n<ul class=\"wp-block-list\">\n<li>Kartoitus 2022<a href=\"https:\/\/www.tulospalvelu.fi\/gps\/2022smyoH21\/\"> SM-y\u00f6n finaali<\/a>, ajantasaistus 2025<\/li>\n\n\n\n<li><a href=\"https:\/\/maps.app.goo.gl\/6rSyfTH4dzFQc7W1A\">P-paikka<\/a><\/li>\n<\/ul>\n\n\n\n<div class=\"wp-block-buttons is-layout-flex wp-block-buttons-is-layout-flex\"><\/div>\n\n\n\n<figure class=\"wp-block-image size-full\"><img decoding=\"async\" width=\"400\" height=\"566\" src=\"https:\/\/www.anttolanurheilijat.fi\/partioaittaviesti\/wp-content\/uploads\/2025\/05\/Piilokorpi_nettiin2-1.jpg\" alt=\"\" class=\"wp-image-978\" srcset=\"https:\/\/www.anttolanurheilijat.fi\/partioaittaviesti\/wp-content\/uploads\/2025\/05\/Piilokorpi_nettiin2-1.jpg 400w, https:\/\/www.anttolanurheilijat.fi\/partioaittaviesti\/wp-content\/uploads\/2025\/05\/Piilokorpi_nettiin2-1-212x300.jpg 212w\" sizes=\"(max-width: 400px) 100vw, 400px\" \/><\/figure>\n\n\n\n<p><\/p>\n","protected":false},"excerpt":{"rendered":"<p>Ota pitk\u00e4st\u00e4 viikonlopusta kaikki irti ja valmistaudu kes\u00e4n isoihin kisoihin vaativissa anttolalaisissa maastoissa. Savolaisen maaston metkut oppii parhaiten suunnistamalla Savossa! Harjoitusten hinta 7\u20ac\/kpl. Rasteilla rastiliput. Lis\u00e4tietoja ja tilaukset: anttolanurheilijat(at)gmail.com 2. Piilokorpi 5,8 km \/ 24 rastia<\/p>\n","protected":false},"author":1,"featured_media":0,"parent":0,"menu_order":0,"comment_status":"closed","ping_status":"closed","template":"","meta":{"neve_meta_sidebar":"","neve_meta_container":"","neve_meta_enable_content_width":"","neve_meta_content_width":0,"neve_meta_title_alignment":"","neve_meta_author_avatar":"","neve_post_elements_order":"","neve_meta_disable_header":"","neve_meta_disable_footer":"","neve_meta_disable_title":"","footnotes":""},"class_list":["post-98","page","type-page","status-publish","hentry"],"_links":{"self":[{"href":"https:\/\/www.anttolanurheilijat.fi\/partioaittaviesti\/wp-json\/wp\/v2\/pages\/98","targetHints":{"allow":["GET"]}}],"collection":[{"href":"https:\/\/www.anttolanurheilijat.fi\/partioaittaviesti\/wp-json\/wp\/v2\/pages"}],"about":[{"href":"https:\/\/www.anttolanurheilijat.fi\/partioaittaviesti\/wp-json\/wp\/v2\/types\/page"}],"author":[{"embeddable":true,"href":"https:\/\/www.anttolanurheilijat.fi\/partioaittaviesti\/wp-json\/wp\/v2\/users\/1"}],"replies":[{"embeddable":true,"href":"https:\/\/www.anttolanurheilijat.fi\/partioaittaviesti\/wp-json\/wp\/v2\/comments?post=98"}],"version-history":[{"count":21,"href":"https:\/\/www.anttolanurheilijat.fi\/partioaittaviesti\/wp-json\/wp\/v2\/pages\/98\/revisions"}],"predecessor-version":[{"id":980,"href":"https:\/\/www.anttolanurheilijat.fi\/partioaittaviesti\/wp-json\/wp\/v2\/pages\/98\/revisions\/980"}],"wp:attachment":[{"href":"https:\/\/www.anttolanurheilijat.fi\/partioaittaviesti\/wp-json\/wp\/v2\/media?parent=98"}],"curies":[{"name":"wp","href":"https:\/\/api.w.org\/{rel}","templated":true}]}}